*h**2 + 11*h + 19. Determine y(-3).
103
Let r(y) = -119*y + 4527. Calculate r(38).
5
Let h(k) = 5*k**2 + 130*k + 156. What is h(-24)?
-84
Let v(r) = -2*r**2 + 92*r - 180. What is v(2)?
-4
Let o(v) = 36*v - 562. What is o(18)?
86
Let t(n) = 202*n**2 + 2. Give t(-1).
204
Let w(d) = 1186*d + 4721. Give w(-4).
-23
Let l(p) = -p**3 + 19*p**2 + 81*p + 30. Calculate l(22).
360
Let j(d) = d**2 + 11*d - 23. Determine j(-15).
37
Let y(x) = 599*x + 104826. Give y(-175).
1
Let s(t) = -2*t**3 - 18*t**2 + 11. What is s(-8)?
-117
Let l(m) = -15*m**2 + 41*m + 55. Calculate l(-2).
-87
Let a(l) = 11*l**2 - 21*l + 41. Give a(5).
211
Let q(f) = 657*f + 29619. Determine q(-45).
54
Let i(v) = v**2 + 16*v - 58. Determine i(-18).
-22
Let x(v) = 3*v**2 - 7*v - 37. Calculate x(3).
-31
Let h(p) = -p**2 - 9*p + 90. Calculate h(-14).
20
Let v(g) = 2*g**3 + 4*g**2 - 872*g - 134. Calculate v(20).
26
Let y(w) = -w**3 + 22*w**2 + 68*w - 474. What is y(24)?
6
Let v(f) = 2*f**2 - 9*f + 2. Determine v(8).
58
Let w(c) = 3*c**2 + 94*c + 815. What is w(-13)?
100
Let q(g) = -20*g + 93. Calculate q(-7).
233
Let z(c) = -c**3 + 12*c**2 - 44*c + 761. What is z(13)?
20
Let s(b) = 2486*b + 52208. Give s(-21).
2
Let o(d) = d**2 - 17*d - 896. Calculate o(39).
-38
Let l(c) = c**3 - 12*c**2 - c + 21. Give l(12).
9
Let s(w) = -10*w + 18. Determine s(-14).
158
Let y(u) = 725*u - 13768. Give y(19).
7
Let a(h) = -3*h**2 - 34*h - 29. Calculate a(-1).
2
Let k(m) = -457*m - 910. Determine k(-2).
4
Let s(i) = i**3 + 14*i**2 + 16*i + 88. Give s(-9).
349
Let k(j) = -40*j - 1228. Determine k(-31).
12
Let c(f) = -f**3 - 21*f**2 + 31*f + 7. What is c(-23)?
352
Let n(q) = -462*q - 4621. What is n(-10)?
-1
Let z(a) = 2*a**3 - 15*a**2 + 83*a - 122. Determine z(5).
168
Let f(q) = -42*q - 2383. Determine f(-53).
-157
Let s(z) = 2*z**3 - 11*z**2 - 16*z + 39. Give s(6).
-21
Let u(v) = 111*v**2 + 8777*v + 606. Calculate u(-79).
-26
Let r(x) = 799*x + 39159. What is r(-49)?
8
Let f(x) = -11*x - 186. What is f(-13)?
-43
Let l(s) = 10*s**2 + 2*s - 191. What is l(0)?
-191
Let b(o) = 23*o**3 + 16*o**2 - 3*o - 7. What is b(-2)?
-121
Let r(s) = -675*s + 4719. Give r(7).
-6
Let u(b) = -b**3 - 24*b**2 + 393*b + 9571. Give u(-21).
-5
Let x(p) = -565*p + 5080. Calculate x(9).
-5
Let l(u) = 99*u - 1548. Give l(16).
36
Let w(i) = i**2 - 197*i + 6049. Determine w(159).
7
Let d(x) = x**2 + 116*x + 1113. Determine d(-11).
-42
Let j(v) = v + 37. Give j(-15).
22
Let h(r) = -r**2 - 11*r - 5. What is h(-2)?
13
Let o(p) = -10*p - 230. Give o(-29).
60
Let g(o) = 17*o**2 - 1242*o + 143. Determine g(73).
70
Let n(c) = c**3 + 10*c**2 - 24*c - 61. Calculate n(-9).
236
Let g(o) = 2*o**3 + 5*o**2 + 6*o - 12. What is g(-3)?
-39
Let j(d) = 122*d + 1081. Determine j(-9).
-17
Let l(y) = -6*y**3 + 57*y**2 - 35*y + 655. Calculate l(10).
5
Let k(h) = 6*h - 332. Determine k(39).
-98
Let j(v) = -v**3 - 2*v**2 - 606*v - 1833. What is j(-3)?
-6
Let g(v) = -2*v**3 - 17*v**2 - 24*v - 6. Calculate g(-7).
15
Let m(c) = -c**2 + 154*c + 3935. Give m(-22).
63
Let j(n) = -n**2 + 6*n + 165. Give j(-12).
-51
Let u(y) = -38*y + 350. Calculate u(10).
-30
Let j(k) = 29*k**2 + 72*k. Give j(-2).
-28
Let j(a) = -2*a**3 + 52*a**2 + 51*a + 5. Determine j(27).
-76
Let n(k) = 17*k - 95. What is n(12)?
109
Let n(o) = -51*o - 260. Give n(-5).
-5
Let f(q) = q**3 + 16*q**2 - 140*q - 74. Give f(-22).
102
Let t(i) = i**2 - 1524*i + 40419. Calculate t(27).
0
Let g(r) = -1121*r + 1076. Give g(1).
-45
Let w(x) = 2*x**3 + 9*x**2 + 4*x - 3. Determine w(-4).
-3
Let u(d) = d**2 - 38*d - 1148. What is u(45)?
-833
Let f(x) = 3*x**2 - 86*x - 887. Calculate f(-8).
-7
Let g(x) = -x**3 + 24*x**2 - 120*x - 61. Calculate g(16).
67
Let i(l) = 1725*l - 17181. What is i(10)?
69
Let l(j) = -969*j + 1. Give l(0).
1
Let j(f) = 40*f + 1957. What is j(-46)?
117
Let d(v) = 7*v**3 + 19*v + 36. Give d(-2).
-58
Let f(o) = -10*o + 244. Calculate f(8).
164
Let c(u) = -u**3 + 7*u**2 + 2*u - 40. Give c(6).
8
Let t(w) = 1810*w - 12681. What is t(7)?
-11
Let z(i) = -6*i + 89. Calculate z(-7).
131
Let r(f) = 8*f**2 + 20*f + 72. Give r(-5).
172
Let q(f) = -3*f**3 + 17*f**2 - 10*f + 11. What is q(5)?
11
Let s(a) = -4*a**2 - 18*a + 1147. What is s(15)?
-23
Let q(n) = -4828*n + 14485. Give q(3).
1
Let b(c) = -70*c + 3422. What is b(49)?
-8
Let m(x) = -2*x**2 - 173*x + 802. Give m(-91).
-17
Let g(f) = 53*f + 776. What is g(-15)?
-19
Let h(b) = b**2 - 38*b + 89. What is h(35)?
-16
Let y(c) = c**3 + 27*c**2 + 126*c + 770. Determine y(-23).
-12
Let i(n) = -1718*n - 63566. Give i(-37).
0
Let p(l) = 19*l - 680. Calculate p(47).
213
Let o(y) = y**3 - 19*y + 66. Determine o(5).
96
Let d(h) = h**2 + 43*h - 665. What is d(-55)?
-5
Let t(g) = 454*g - 71273. Determine t(157).
5
Let h(r) = -114*r + 1540. What is h(13)?
58
Let w(l) = 12*l**2 + 53*l - 3. Determine w(-4).
-23
Let x(t) = -17*t**2 + 84*t + 231. What is x(-2)?
-5
Let p(o) = 37*o - 733. Give p(22).
81
Let c(z) = -3489*z + 38368. Determine c(11).
-11
Let x(a) = 2*a**3 - 4*a**2 + 4*a + 62. Calculate x(0).
62
Let v(j) = -j**3 + 17*j**2 + 168*j + 61. Give v(24).
61
Let r(o) = -88*o**2 - 5*o - 3. Give r(-1).
-86
Let n(o) = -75*o + 1650. Give n(33).
-825
Let s(p) = -3*p**3 + 258*p**2 - 253*p - 163. Determine s(85).
7
Let s(f) = -f**3 + 372*f**2 - 1113*f + 2218. Calculate s(369).
4
Let d(h) = -453*h - 16303. What is d(-36)?
5
Let o(b) = -b**3 + 26*b**2 + 201*b - 276. Calculate o(32).
12
Let b(p) = p**2 - 7*p - 955. Calculate b(-26).
-97
Let a(k) = -1258*k + 18891. Calculate a(15).
21
Let c(j) = j**3 + 9*j**2 - 61*j + 2. Give c(-14).
-124
Let g(s) = 21*s - 314. Calculate g(7).
-167
Let l(u) = -u**3 + 22*u**2 - 61*u + 38. Determine l(19).
-38
Let l(i) = i**3 + 35*i**2 + 75*i + 435. What is l(-33)?
138
Let q(y) = 230*y - 7187. Determine q(31).
-57
Let m(q) = q**3 + 72*q**2 + 71*q + 48. What is m(-71)?
48
Let j(l) = 2*l**3 - 526*l**2 + 492*l + 8379. Determine j(262).
-5
Let r(i) = -2*i**2 + 3*i + 274. Give r(-11).
-1
Let q(t) = -t**3 + 43*t**2 + 84*t + 248. Give q(45).
-22
Let u(r) = -317*r - 1947. Calculate u(-6).
-45
Let u(n) = -2373*n - 9480. Give u(-4).
12
Let l(b) = b**3 - 31*b**2 + 164*b + 462. What is l(23)?
2
Let d(a) = a**3 + 5*a**2 + 9*a + 105. What is d(-7)?
-56
Let l(v) = v**2 + 3*v - 110. Calculate l(0).
-110
Let g(k) = 12*k**3 - 251*k**2 - 22*k + 11. Determine g(21).
-10
Let u(y) = 4*y**3 - 99*y**2 - 311*y - 4. What is u(-3)?
-70
Let g(z) = 10*z**2 - 239*z + 481. What is g(2)?
43
Let z(p) = -119*p + 9050. Give z(76).
6
Let k(a) = -20*a - 1243. What is k(-60)?
-43
Let y(r) = r**3 + 48*r**2 - 385*r - 2. Determine y(7).
-2
Let c(p) = 2*p**3 - 122*p**2 - 141*p + 950. Calculate c(62).
-104
Let o(d) = 199*d + 1688. Determine o(-13).
-899
Let x(p) = -4*p**3 - 84*p**2 - 438*p - 276. Determine x(-13).
10
Let i(u) = 213*u + 25587. Determine i(-120).
27
Let m(g) = -7*g - 130. Determine m(-13).
-39
Let w(r) = -r**3 + 26*r**2 - 94*r - 222. What is w(21)?
9
Let k(s) = -s**3 + 6*s**2 + 8*s + 1. Give k(7).
8
Let y(v) = 35*v**2 + 154*v - 5. Give y(-6).
331
Let n(c) = -9323*c + 214433. Calculate n(23).
4
Let x(o) = o**2 - 29*o + 9. Give x(29).
9
Let s(d) = -d**3 - 27*d**2 + 27*d - 11. Calculate s(-28).
17
Let v(h) = h**3 - 26*h**2 + 73*h - 22. Determine v(3).
-10
Let x(l) = 2*l**3 + 91*l**2 - 245*l - 244. What is x(-48)?
-4
Let w(p) = -50*p**3 - 5*p**2 - 8*p - 4. Give w(-1).
49
Let f(r) = -3*r**3 - 53*r**2 - 34*r - 2. Calculate f(-17).
-2
Let h(i) = 3*i**2 - 83*i - 1306. Give h(39).
20
Let t(p) = -43*p + 715. Calculate t(13).
156
Let p(q) = -1158*q + 38230. What is p(33)?
16
Let u(d) = 5*d**2 - 98*d + 106. What is u(15)?
-239
Let n(g) = -2*g**3 - 15*g**2 - 139. What is n(-8)?
-75
Let y(w) = -53*w**2 + 1. Determine y(0).
1
Let v(l) = 2*l**3 + 17*l**2 + 31*l - 39. Calculate v(-4).
-19
Let k(v) = -21*v**3 + 6933*v**2 - 989*v - 314. Calculate k(330).
16
Let q(u) = u**3 + 18*u**2 + 11*u - 261. What is q(-16)?
75
Let u(d) = 15*d - 223. Calculate u(11).
-58
Let u(j) = 27*j - 862. Give u(32).
2
Let z(m) = 88*m - 44. What is z(0)?
-44
Let i(y) = -6*y + 159. Calculate i(27).
-3
Let z(y) = -3*y**2 + 129*y - 1563. What is z(18)?
-213
Let b(v) = -12*v**2 - 86*v + 917. Calculate b(-13).
7
Let w(i) = -i**3 + 14*i**2 - 108*i + 553. Give w(9).
-14
Let q(j) = 4*j**2 - 88*j + 1. Calculate q(22).